{"id":893,"date":"2024-07-10T07:54:42","date_gmt":"2024-07-10T07:54:42","guid":{"rendered":"https:\/\/todun2007.com\/?post_type=product&#038;p=893"},"modified":"2024-07-10T07:56:30","modified_gmt":"2024-07-10T07:56:30","slug":"td6900","status":"publish","type":"product","link":"https:\/\/todun2007.com\/index.php\/product\/td6900\/","title":{"rendered":"TD6900c\/d"},"content":{"rendered":"<h2>Wireless conference attendance unit microphone<img fetchpriority=\"high\" decoding=\"async\" class=\"alignnone size-medium wp-image-892\" src=\"http:\/\/todun2007.com\/wp-content\/uploads\/2024\/07\/TD6900c\u9ed1\u8272\u65b9\u5934-300x300.jpg\" alt=\"\" width=\"300\" height=\"300\" srcset=\"https:\/\/todun2007.com\/wp-content\/uploads\/2024\/07\/TD6900c\u9ed1\u8272\u65b9\u5934-300x300.jpg 300w, https:\/\/todun2007.com\/wp-content\/uploads\/2024\/07\/TD6900c\u9ed1\u8272\u65b9\u5934-1024x1024.jpg 1024w, https:\/\/todun2007.com\/wp-content\/uploads\/2024\/07\/TD6900c\u9ed1\u8272\u65b9\u5934-150x150.jpg 150w, https:\/\/todun2007.com\/wp-content\/uploads\/2024\/07\/TD6900c\u9ed1\u8272\u65b9\u5934-768x768.jpg 768w, https:\/\/todun2007.com\/wp-content\/uploads\/2024\/07\/TD6900c\u9ed1\u8272\u65b9\u5934-600x600.jpg 600w, https:\/\/todun2007.com\/wp-content\/uploads\/2024\/07\/TD6900c\u9ed1\u8272\u65b9\u5934-100x100.jpg 100w, https:\/\/todun2007.com\/wp-content\/uploads\/2024\/07\/TD6900c\u9ed1\u8272\u65b9\u5934.jpg 1200w\" sizes=\"(max-width: 300px) 100vw, 300px\" \/><\/h2>\n<p>\u25c6 Working power supply: DC 3.7V &#8212; 4.5V<\/p>\n<p>\u25c6 Power consumption: standby \u2266360mW, talking state \u2266630mW<\/p>\n<p>\u25c6 Working temperature -10\u2103 &#8212; 40\u2103<\/p>\n<p>\u25c6 Microphone length: 400mm<\/p>\n<p>\u25c6 Dimensions (W\u00d7H\u00d7D): 148mm\u00d757mm (excluding microphone pole)\u00d7165mm<\/p>\n<p>\u25c6 Weight: 0.63 kg<\/p>\n<p>&nbsp;<\/p>\n<p>audio channel<\/p>\n<p>\u25c6 Communication method: UHF wireless method (one-way)<\/p>\n<p>\u25c6 Number of channels: 5 (1 chairman unit channel, 4 representative unit channels)<\/p>\n<p>\u25c6 Frequency range: (frequency range is available in the range of 610MHz &#8212; 664.75MHz)<\/p>\n<p>\u25c6 Modulation method: FM<\/p>\n<p>\u25c6 Maximum modulation amount: 60K<\/p>\n<p>\u25c6 Radiated power: \u2266+9dBm<\/p>\n<p>\u25c6 Frequency deviation: &lt;0.002<\/p>\n<p>\u25c6Reference speaking distance: 10cm&#8211;30cm<\/p>\n<p>&nbsp;<\/p>\n<p>control channel<\/p>\n<p>\u25c6 Communication method: wireless (two-way)<\/p>\n<p>\u25c6Number of channels: 16<\/p>\n<p>\u25c6 Frequency range: 422.4MHz &#8212; 439.4MHz<\/p>\n<p>\u25c6 Modulation method: FSK<\/p>\n<p>\u25c6 Receiving sensitivity: -100dBm<\/p>\n<p>\u25c6 Radiated power: \u2266+6dBm<\/p>\n<p>\u25c6 Frequency deviation: &lt;0.002<\/p>\n<p>&nbsp;<\/p>\n<p>System total parameter indicators<\/p>\n<p>\u25c6 Signal coverage: indoor radius 60 meters (excluding the use of antenna extenders or antenna amplifiers)<\/p>\n<p>\u25c6 Audio frequency response: 50Hz &#8212; 15KHz<\/p>\n<p>\u25c6 Total audio gain: \u226620dB<\/p>\n<p>\u25c6 Signal-to-noise ratio: &gt;85dB<\/p>\n<p>\u25c6 Audio total harmonic distortion: \u22660.8%<\/p>\n","protected":false},"excerpt":{"rendered":"<p>Wireless conference attendance unit microphone<\/p>\n","protected":false},"featured_media":892,"comment_status":"open","ping_status":"closed","template":"","meta":{"site-sidebar-layout":"default","site-content-layout":"","ast-site-content-layout":"default","site-content-style":"default","site-sidebar-style":"default","ast-global-header-display":"","ast-banner-title-visibility":"","ast-main-header-display":"","ast-hfb-above-header-display":"","ast-hfb-below-header-display":"","ast-hfb-mobile-header-display":"","site-post-title":"","ast-breadcrumbs-content":"","ast-featured-img":"","footer-sml-layout":"","theme-transparent-header-meta":"default","adv-header-id-meta":"","stick-header-meta":"","header-above-stick-meta":"","header-main-stick-meta":"","header-below-stick-meta":"","astra-migrate-meta-layouts":"set","ast-page-background-enabled":"default","ast-page-background-meta":{"desktop":{"background-color":"var(--ast-global-color-4)","background-image":"","background-repeat":"repeat","background-position":"center center","background-size":"auto","background-attachment":"scroll","background-type":"","background-media":"","overlay-type":"","overlay-color":"","overlay-opacity":"","overlay-gradient":""},"tablet":{"background-color":"","background-image":"","background-repeat":"repeat","background-position":"center center","background-size":"auto","background-attachment":"scroll","background-type":"","background-media":"","overlay-type":"","overlay-color":"","overlay-opacity":"","overlay-gradient":""},"mobile":{"background-color":"","background-image":"","background-repeat":"repeat","background-position":"center center","background-size":"auto","background-attachment":"scroll","background-type":"","background-media":"","overlay-type":"","overlay-color":"","overlay-opacity":"","overlay-gradient":""}},"ast-content-background-meta":{"desktop":{"background-color":"var(--ast-global-color-5)","background-image":"","background-repeat":"repeat","background-position":"center center","background-size":"auto","background-attachment":"scroll","background-type":"","background-media":"","overlay-type":"","overlay-color":"","overlay-opacity":"","overlay-gradient":""},"tablet":{"background-color":"var(--ast-global-color-5)","background-image":"","background-repeat":"repeat","background-position":"center center","background-size":"auto","background-attachment":"scroll","background-type":"","background-media":"","overlay-type":"","overlay-color":"","overlay-opacity":"","overlay-gradient":""},"mobile":{"background-color":"var(--ast-global-color-5)","background-image":"","background-repeat":"repeat","background-position":"center center","background-size":"auto","background-attachment":"scroll","background-type":"","background-media":"","overlay-type":"","overlay-color":"","overlay-opacity":"","overlay-gradient":""}}},"product_brand":[],"product_cat":[47],"product_tag":[],"class_list":{"0":"post-893","1":"product","2":"type-product","3":"status-publish","4":"has-post-thumbnail","6":"product_cat-wireless-conference-system","7":"desktop-align-left","8":"tablet-align-left","9":"mobile-align-left","11":"first","12":"instock","13":"shipping-taxable","14":"product-type-simple"},"_links":{"self":[{"href":"https:\/\/todun2007.com\/index.php\/wp-json\/wp\/v2\/product\/893","targetHints":{"allow":["GET"]}}],"collection":[{"href":"https:\/\/todun2007.com\/index.php\/wp-json\/wp\/v2\/product"}],"about":[{"href":"https:\/\/todun2007.com\/index.php\/wp-json\/wp\/v2\/types\/product"}],"replies":[{"embeddable":true,"href":"https:\/\/todun2007.com\/index.php\/wp-json\/wp\/v2\/comments?post=893"}],"wp:featuredmedia":[{"embeddable":true,"href":"https:\/\/todun2007.com\/index.php\/wp-json\/wp\/v2\/media\/892"}],"wp:attachment":[{"href":"https:\/\/todun2007.com\/index.php\/wp-json\/wp\/v2\/media?parent=893"}],"wp:term":[{"taxonomy":"product_brand","embeddable":true,"href":"https:\/\/todun2007.com\/index.php\/wp-json\/wp\/v2\/product_brand?post=893"},{"taxonomy":"product_cat","embeddable":true,"href":"https:\/\/todun2007.com\/index.php\/wp-json\/wp\/v2\/product_cat?post=893"},{"taxonomy":"product_tag","embeddable":true,"href":"https:\/\/todun2007.com\/index.php\/wp-json\/wp\/v2\/product_tag?post=893"}],"curies":[{"name":"wp","href":"https:\/\/api.w.org\/{rel}","templated":true}]}}